te?
False
Is 105753 composite?
True
Is 230929 a composite number?
False
Is 83801 composite?
True
Is 2615617 composite?
False
Is 1007 composite?
True
Is 720653 prime?
True
Is 24197 a prime number?
True
Is 22574 composite?
True
Is 3298939 a prime number?
False
Is 6227 a prime number?
False
Is 35614 prime?
False
Is 6469 a prime number?
True
Is 167537 a prime number?
True
Is 76031 composite?
False
Is 1239781 prime?
False
Is 3427 a composite number?
True
Is 1481 a prime number?
True
Is 39679 prime?
True
Is 6449 a composite number?
False
Is 162053 a composite number?
False
Is 1001911 a composite number?
False
Is 49559 prime?
True
Is 3029 a composite number?
True
Is 483031 a composite number?
False
Is 350963 prime?
True
Is 51211 a composite number?
True
Is 11093 a composite number?
False
Is 12853 a prime number?
True
Is 1473919 a composite number?
False
Is 31417 prime?
False
Is 2957 prime?
True
Is 119549 composite?
False
Is 1841649 composite?
True
Is 25859 a prime number?
False
Is 14107 a composite number?
False
Is 40402 a prime number?
False
Is 1959229 a composite number?
True
Is 76801 a composite number?
False
Is 2927 prime?
True
Is 5045 a composite number?
True
Is 37691 a prime number?
True
Is 23929 a composite number?
False
Is 10499 a prime number?
True
Is 275027 a composite number?
False
Is 2437 composite?
False
Is 116591 a prime number?
False
Is 1069 a prime number?
True
Is 4897 prime?
False
Is 422806 a composite number?
True
Is 40213 composite?
False
Is 28643 prime?
True
Is 137279 prime?
True
Is 1122367 prime?
True
Is 470903 a composite number?
False
Is 492433 a composite number?
True
Is 70777 a composite number?
True
Is 920291 prime?
True
Is 18217 composite?
False
Is 615491 a prime number?
True
Is 107489 prime?
False
Is 523349 a prime number?
True
Is 11539 prime?
False
Is 407567 a composite number?
False
Is 51749 a prime number?
True
Is 25871 composite?
True
Is 135455 composite?
True
Is 58013 composite?
False
Is 211369 a composite number?
False
Is 7187 prime?
True
Is 253027 composite?
True
Is 292693 a composite number?
False
Is 5839 a composite number?
False
Is 368639 a composite number?
True
Is 1050607 a prime number?
False
Is 58361 composite?
True
Is 3777 prime?
False
Is 39365 a prime number?
False
Is 110315 a prime number?
False
Is 1645913 a prime number?
False
Is 5351 a composite number?
False
Is 63913 a composite number?
False
Is 145799 a composite number?
False
Is 113431 a composite number?
True
Is 5623 a composite number?
False
Is 1077815 a composite number?
True
Is 13058 composite?
True
Is 261827 composite?
True
Is 15373 a composite number?
False
Is 867541 a composite number?
False
Is 7379 composite?
True
Is 82873 a prime number?
False
Is 65361 prime?
False
Is 21057 composite?
True
Is 576613 prime?
True
Is 110993 a composite number?
True
Is 2179 prime?
True
Is 1523 prime?
True
Is 2327321 prime?
False
Is 72641 a prime number?
False
Is 20459 a composite number?
True
Is 62461 a prime number?
False
Is 207149 a prime number?
False
Is 10007 a prime number?
True
Is 22853 prime?
True
Is 37159 a prime number?
True
Is 7057 a prime number?
True
Is 60179 a composite number?
True
Is 506929 composite?
False
Is 17333 composite?
False
Is 2160589 composite?
False
Is 15013 a prime number?
True
Is 242971 a prime number?
True
Is 17539 a composite number?
False
Is 105601 a composite number?
False
Is 7193 a prime number?
True
Is 22769 composite?
False
Is 352847 prime?
False
Is 5189 a prime number?
True
Is 19165 composite?
True
Is 578881 a composite number?
False
Is 239779 a composite number?
False
Is 260609 a prime number?
True
Is 40259 a composite number?
True
Is 138347 a prime number?
False
Is 635 prime?
False
Is 1731 a prime number?
False
Is 94873 prime?
True
Is 260735 composite?
True
Is 17933 a prime number?
False
Is 38957 prime?
False
Is 714485 a composite number?
True
Is 13343 a prime number?
False
Is 187799 a composite number?
True
Is 46357 a prime number?
False
Is 347489 a composite number?
False
Is 96137 composite?
False
Is 158087 a prime number?
False
Is 14471 a composite number?
True
Is 277297 a composite number?
False
Is 1198 composite?
True
Is 8887 a composite number?
False
Is 13811 a prime number?
False
Is 5902899 composite?
True
Is 278531 a prime number?
False
Is 54559 prime?
True
Is 7243 a prime number?
True
Is 25249 a prime number?
False
Is 102671 composite?
True
Is 975931 a composite number?
True
Is 207449 a prime number?
False
Is 9707 a composite number?
True
Is 28459 composite?
True
Is 167309 a composite number?
False
Is 499391 a prime number?
True
Is 1847 prime?
True
Is 11209 a prime number?
False
Is 14494 a prime number?
False
Is 85331 a composite number?
False
Is 31522 a prime number?
False
Is 301177 composite?
False
Is 19223 composite?
True
Is 1285 a composite number?
True
Is 32837 a prime number?
False
Is 43481 prime?
True
Is 1881097 a composite number?
True
Is 4073 prime?
True
Is 66239 prime?
True
Is 15439 composite?
False
Is 2819 a prime number?
True
Is 23083 a prime number?
False
Is 29893 composite?
True
Is 8497 composite?
True
Is 93083 a composite number?
False
Is 1344113 a prime number?
True
Is 323333 prime?
True
Is 1106663 composite?
True
Is 169487 composite?
True
Is 22387 a composite number?
True
Is 410063 a composite number?
False
Is 941377 prime?
False
Is 324053 a composite number?
False
Is 863 prime?
True
Is 1255 prime?
False
Is 23531 composite?
False
Is 4721 a composite number?
False
Is 317173 a composite number?
True
Is 519323 a composite number?
True
Is 803 a prime number?
False
Is 56087 prime?
True
Is 247337 a prime number?
True
Is 14519 a composite number?
False
Is 13121 a composite number?
False
Is 14513 a composite number?
True
Is 23 prime?
True
Is 1752799 a composite number?
False
Is 83723 prime?
False
Is 851381 a prime number?
True
Is 10729 prime?
True
Is 227147 a composite number?
False
Is 791819 prime?
False
Is 22147 a prime number?
True
Is 5891 prime?
False
Is 20017 prime?
False
Is 14351 composite?
True
Is 482953 prime?
False
Is 13637 a prime number?
False
Is 719503 prime?
True
Is 7493 a prime number?
False
Is 59333 prime?
True
Is 3707 a composite number?
True
Is 31919 a composite number?
True
Is 42843 composite?
True
Is 70249 composite?
False
Is 1463887 composite?
True
Is 107441 prime?
True
Is 688711 a composite number?
True
Is 1913 a composite number?
False
Is 947233 composite?
True
Is 29615 a prime number?
False
Is 21643 a prime number?
False
Is 1639147 composite?
False
Is 1724441 a prime number?
True
Is 31085 composite?
True
Is 1561 a prime number?
False
Is 15727 a prime number?
True
Is 3181 a composite number?
False
Is 2155 composite?
True
Is 10097 a composite number?
True
Is 58013 a composite number?
False
Is 245669 a composite number?
True
Is 48157 a prime number?
True
Is 2203 a prime number?
True
Is 43739 a prime number?
False
Is 69061 composite?
False
Is 87799 a prime number?
False
Is 5381 composite?
False
Is 20311 prime?
False
Is 694867 prime?
True
Is 752093 prime?
True
Is 32149 a prime number?
False
Is 50683 a composite number?
False
Is 92965 a prime number?
False
Is 133737 prime?
False
Is 30509 prime?
True
Is 497 prime?
False
Is 405098 a prime number?
False
Is 102149 a composite number?
False
Is 20287 prime?
True
Is 3862 composite?
True
Is 533999 prime?
True
Is 10267 a composite number?
False
Is 156895 a composite number?
True
Is 36647 composite?
True
Is 307801 composite?
True
Is 167641 composite?
False
Is 5839 prime?
True
Is 31835 prime?
False
Is 11771 a prime number?
False
Is 62353 a composite number?
True
Is 15681 prime?
False
Is 55763 composite?
False
Is 59027 composite?
True
Is 124859 composite?
True
Is 11819 prime?
False
Is 64445 a composite number?
True
Is 352579 composite?
False
Is 14611 a prime number?
False
Is 146479 a composite number?
True
Is 1316963 composite?
False
Is 44301 composite?
True
Is 3814 a composite number?
True
Is 103699 a prime number?
True
Is 756407 a composite number?
True
Is 63929 a prime number?
True
Is 53147 a composite number?
False
Is 37649 a prime number?
True
Is 69899 prime?
True
Is 44417 prime?
True
Is 891047 a prime number?
True
Is 33833 prime?
False
Is 36761 composite?
False
Is 53587 prime?
False
Is 90227 a composite number?
False
Is 108863 prime?
True
Is 